{"id":1397,"date":"2017-10-10T18:37:46","date_gmt":"2017-10-10T21:37:46","guid":{"rendered":"http:\/\/clublincoln.com.ar\/web\/?page_id=1397"},"modified":"2023-01-26T12:40:36","modified_gmt":"2023-01-26T15:40:36","slug":"colonia","status":"publish","type":"page","link":"https:\/\/clublincoln.com.ar\/web\/colonia\/","title":{"rendered":"Colonia"},"content":{"rendered":"<div id=\"pl-1397\"  class=\"panel-layout\" ><div id=\"pg-1397-0\"  class=\"panel-grid panel-no-style\" ><div id=\"pgc-1397-0-0\"  class=\"panel-grid-cell\" ><div id=\"panel-1397-0-0-0\" class=\"so-panel widget widget_media_image panel-first-child panel-last-child\" data-index=\"0\" ><img loading=\"lazy\" decoding=\"async\" width=\"1000\" height=\"123\" src=\"https:\/\/clublincoln.com.ar\/web\/wp-content\/uploads\/2017\/10\/Whitelineshadow1-e1508532053605.jpg\" class=\"image wp-image-1679  attachment-full size-full\" alt=\"\" style=\"max-width: 100%; height: auto;\" srcset=\"https:\/\/clublincoln.com.ar\/web\/wp-content\/uploads\/2017\/10\/Whitelineshadow1-e1508532053605.jpg 1000w, https:\/\/clublincoln.com.ar\/web\/wp-content\/uploads\/2017\/10\/Whitelineshadow1-e1508532053605-300x37.jpg 300w, https:\/\/clublincoln.com.ar\/web\/wp-content\/uploads\/2017\/10\/Whitelineshadow1-e1508532053605-768x94.jpg 768w\" sizes=\"auto, (max-width: 1000px) 100vw, 1000px\" \/><\/div><\/div><\/div><div id=\"pg-1397-1\"  class=\"panel-grid panel-has-style\" ><div class=\"panel-row-style panel-row-style-for-1397-1\" ><div id=\"pgc-1397-1-0\"  class=\"panel-grid-cell\" ><div id=\"panel-1397-1-0-0\" class=\"so-panel widget widget_media_image panel-first-child panel-last-child\" data-index=\"1\" ><img loading=\"lazy\" decoding=\"async\" width=\"1000\" height=\"668\" src=\"https:\/\/clublincoln.com.ar\/web\/wp-content\/uploads\/2017\/10\/CL-0284-Copy.jpg\" class=\"image wp-image-1366  attachment-full size-full\" alt=\"\" style=\"max-width: 100%; height: auto;\" srcset=\"https:\/\/clublincoln.com.ar\/web\/wp-content\/uploads\/2017\/10\/CL-0284-Copy.jpg 1000w, https:\/\/clublincoln.com.ar\/web\/wp-content\/uploads\/2017\/10\/CL-0284-Copy-300x200.jpg 300w, https:\/\/clublincoln.com.ar\/web\/wp-content\/uploads\/2017\/10\/CL-0284-Copy-768x513.jpg 768w, https:\/\/clublincoln.com.ar\/web\/wp-content\/uploads\/2017\/10\/CL-0284-Copy-272x182.jpg 272w\" sizes=\"auto, (max-width: 1000px) 100vw, 1000px\" \/><\/div><\/div><div id=\"pgc-1397-1-1\"  class=\"panel-grid-cell\" ><div id=\"panel-1397-1-1-0\" class=\"so-panel widget widget_sow-editor panel-first-child panel-last-child\" data-index=\"2\" ><div class=\"panel-widget-style panel-widget-style-for-1397-1-1-0\" ><div\n\t\t\t\n\t\t\tclass=\"so-widget-sow-editor so-widget-sow-editor-base\"\n\t\t\t\n\t\t>\n<div class=\"siteorigin-widget-tinymce textwidget\">\n\t<p style=\"text-align: center;\"><span style=\"color: #ffffff; font-size: 18pt;\">Objetivos<\/span><\/p>\n<p style=\"text-align: center;\"><span style=\"color: #ffffff;\">Que el ni\u00f1o disfrute de sus vacaciones acrecentando su capacidad psicomotriz y socioafectiva.<\/span><\/p>\n<p style=\"text-align: center;\"><span style=\"color: #ffffff;\">Contribuir al desarrollo de un buen estado de salud.<\/span><\/p>\n<p style=\"text-align: center;\"><span style=\"color: #ffffff;\">Estimular la solidaridad y la conciencia de grupo.<\/span><\/p>\n<\/div>\n<\/div><\/div><\/div><\/div><\/div><\/div><div id=\"pg-1397-2\"  class=\"panel-grid panel-has-style\" ><div class=\"panel-row-style panel-row-style-for-1397-2\" ><div id=\"pgc-1397-2-0\"  class=\"panel-grid-cell\" ><div id=\"panel-1397-2-0-0\" class=\"so-panel widget widget_sow-editor panel-first-child panel-last-child\" data-index=\"3\" ><div class=\"panel-widget-style panel-widget-style-for-1397-2-0-0\" ><div\n\t\t\t\n\t\t\tclass=\"so-widget-sow-editor so-widget-sow-editor-base\"\n\t\t\t\n\t\t>\n<div class=\"siteorigin-widget-tinymce textwidget\">\n\t<h2 style=\"padding-left: 30px; text-align: center;\"><span style=\"color: #ffffff; font-size: 18pt;\">Actividades<\/span><\/h2>\n<p style=\"padding-left: 30px; text-align: center;\"><span style=\"color: #ffffff;\">El programa contempla juegos dentro y fuera del agua, merienda y un espacio de ense\u00f1anza de nado.<\/span><\/p>\n<p style=\"padding-left: 30px; text-align: center;\"><span style=\"color: #ffffff;\"><strong>Campamentos<br \/> <\/strong>Los chicos de 6 a\u00f1os en adelante realizan actividad de campamento.<\/span><br \/><span style=\"color: #ffffff;\"><strong>Torneos<\/strong>: de lunes a viernes para ni\u00f1os, s\u00e1bados y domingos para adultos. Inscripci\u00f3n en vestuarios.<\/span><br \/><span style=\"color: #ffffff;\"> <strong>Caminatas<\/strong>: Lunes, mi\u00e9rcoles y viernes a las 19:30 hs.<\/span><\/p>\n<\/div>\n<\/div><\/div><\/div><\/div><div id=\"pgc-1397-2-1\"  class=\"panel-grid-cell\" ><div id=\"panel-1397-2-1-0\" class=\"so-panel widget widget_media_image panel-first-child panel-last-child\" data-index=\"4\" ><img loading=\"lazy\" decoding=\"async\" width=\"1000\" height=\"668\" src=\"https:\/\/clublincoln.com.ar\/web\/wp-content\/uploads\/2017\/10\/CL-0286-Copy.jpg\" class=\"image wp-image-1408  attachment-full size-full\" alt=\"\" style=\"max-width: 100%; height: auto;\" srcset=\"https:\/\/clublincoln.com.ar\/web\/wp-content\/uploads\/2017\/10\/CL-0286-Copy.jpg 1000w, https:\/\/clublincoln.com.ar\/web\/wp-content\/uploads\/2017\/10\/CL-0286-Copy-300x200.jpg 300w, https:\/\/clublincoln.com.ar\/web\/wp-content\/uploads\/2017\/10\/CL-0286-Copy-768x513.jpg 768w, https:\/\/clublincoln.com.ar\/web\/wp-content\/uploads\/2017\/10\/CL-0286-Copy-272x182.jpg 272w\" sizes=\"auto, (max-width: 1000px) 100vw, 1000px\" \/><\/div><\/div><\/div><\/div><div id=\"pg-1397-3\"  class=\"panel-grid panel-no-style\" ><div id=\"pgc-1397-3-0\"  class=\"panel-grid-cell\" ><div id=\"panel-1397-3-0-0\" class=\"so-panel widget widget_sow-editor panel-first-child panel-last-child\" data-index=\"5\" ><div\n\t\t\t\n\t\t\tclass=\"so-widget-sow-editor so-widget-sow-editor-base\"\n\t\t\t\n\t\t><h3 class=\"widget-title\">Colonia de Verano <\/h3>\n<div class=\"siteorigin-widget-tinymce textwidget\">\n\t<p><em>Ni\u00f1os de 3 a 12 a\u00f1os<\/em><\/p>\n<p>Lunes a Viernes de 9:30 hs a 12:30 hs<\/p>\n<p>Actividades recreativas, campamentos, viajes, torneos y encuentros de nataci\u00f3n.<\/p>\n<p>No se suspende por lluvia.<\/p>\n<p>Pagos mensuales, quincenales, toda la temporada.<\/p>\n<p><strong>Profesores de colonia:<\/strong><\/p>\n<p><em>Lula, Tom\u00e1s, Camila, Enzo, Emanuel, Facundo, Juan Manuel, Bautista.<\/em><\/p>\n<p><em>Bel\u00e9n, Josefina, Manuela, Agustina, Yessi, Luz y Jesu.<\/em><\/p>\n<p><strong>Coordinador de Nataci\u00f3n:<\/strong><\/p>\n<p>Jorge Lopez.<\/p>\n<p><em>Informes e inscripci\u00f3n<\/em><strong>: 02355-422056<\/strong><\/p>\n<\/div>\n<\/div><\/div><\/div><\/div><\/div>","protected":false},"excerpt":{"rendered":"<p>Objetivos Que el ni\u00f1o disfrute de sus vacaciones acrecentando su capacidad psicomotriz y socioafectiva. Contribuir al desarrollo de un buen estado de salud. Estimular la solidaridad y la conciencia de grupo.<\/p>\n","protected":false},"author":1,"featured_media":0,"parent":0,"menu_order":0,"comment_status":"closed","ping_status":"closed","template":"","meta":{"site-sidebar-layout":"no-sidebar","site-content-layout":"content-boxed-container","ast-site-content-layout":"default","site-content-style":"default","site-sidebar-style":"default","ast-global-header-display":"","ast-banner-title-visibility":"","ast-main-header-display":"","ast-hfb-above-header-display":"","ast-hfb-below-header-display":"","ast-hfb-mobile-header-display":"","site-post-title":"","ast-breadcrumbs-content":"","ast-featured-img":"disabled","footer-sml-layout":"","ast-disable-related-posts":"","theme-transparent-header-meta":"default","adv-header-id-meta":"","stick-header-meta":"","header-above-stick-meta":"","header-main-stick-meta":"","header-below-stick-meta":"","astra-migrate-meta-layouts":"default","ast-page-background-enabled":"default","ast-page-background-meta":{"desktop":{"background-color":"","background-image":"","background-repeat":"repeat","background-position":"center center","background-size":"auto","background-attachment":"scroll","background-type":"","background-media":"","overlay-type":"","overlay-color":"","overlay-opacity":"","overlay-gradient":""},"tablet":{"background-color":"","background-image":"","background-repeat":"repeat","background-position":"center center","background-size":"auto","background-attachment":"scroll","background-type":"","background-media":"","overlay-type":"","overlay-color":"","overlay-opacity":"","overlay-gradient":""},"mobile":{"background-color":"","background-image":"","background-repeat":"repeat","background-position":"center center","background-size":"auto","background-attachment":"scroll","background-type":"","background-media":"","overlay-type":"","overlay-color":"","overlay-opacity":"","overlay-gradient":""}},"ast-content-background-meta":{"desktop":{"background-color":"var(--ast-global-color-5)","background-image":"","background-repeat":"repeat","background-position":"center center","background-size":"auto","background-attachment":"scroll","background-type":"","background-media":"","overlay-type":"","overlay-color":"","overlay-opacity":"","overlay-gradient":""},"tablet":{"background-color":"var(--ast-global-color-5)","background-image":"","background-repeat":"repeat","background-position":"center center","background-size":"auto","background-attachment":"scroll","background-type":"","background-media":"","overlay-type":"","overlay-color":"","overlay-opacity":"","overlay-gradient":""},"mobile":{"background-color":"var(--ast-global-color-5)","background-image":"","background-repeat":"repeat","background-position":"center center","background-size":"auto","background-attachment":"scroll","background-type":"","background-media":"","overlay-type":"","overlay-color":"","overlay-opacity":"","overlay-gradient":""}},"footnotes":""},"class_list":["post-1397","page","type-page","status-publish","hentry"],"aioseo_notices":[],"_links":{"self":[{"href":"https:\/\/clublincoln.com.ar\/web\/wp-json\/wp\/v2\/pages\/1397","targetHints":{"allow":["GET"]}}],"collection":[{"href":"https:\/\/clublincoln.com.ar\/web\/wp-json\/wp\/v2\/pages"}],"about":[{"href":"https:\/\/clublincoln.com.ar\/web\/wp-json\/wp\/v2\/types\/page"}],"author":[{"embeddable":true,"href":"https:\/\/clublincoln.com.ar\/web\/wp-json\/wp\/v2\/users\/1"}],"replies":[{"embeddable":true,"href":"https:\/\/clublincoln.com.ar\/web\/wp-json\/wp\/v2\/comments?post=1397"}],"version-history":[{"count":77,"href":"https:\/\/clublincoln.com.ar\/web\/wp-json\/wp\/v2\/pages\/1397\/revisions"}],"predecessor-version":[{"id":1407,"href":"https:\/\/clublincoln.com.ar\/web\/wp-json\/wp\/v2\/pages\/1397\/revisions\/1407"}],"wp:attachment":[{"href":"https:\/\/clublincoln.com.ar\/web\/wp-json\/wp\/v2\/media?parent=1397"}],"curies":[{"name":"wp","href":"https:\/\/api.w.org\/{rel}","templated":true}]}}