{"id":1459,"date":"2017-10-11T09:26:37","date_gmt":"2017-10-11T12:26:37","guid":{"rendered":"http:\/\/clublincoln.com.ar\/web\/?page_id=1459"},"modified":"2023-01-26T12:42:00","modified_gmt":"2023-01-26T15:42:00","slug":"actividades","status":"publish","type":"page","link":"https:\/\/clublincoln.com.ar\/web\/actividades\/","title":{"rendered":"Actividades"},"content":{"rendered":"<div id=\"pl-1459\"  class=\"panel-layout\" ><div id=\"pg-1459-0\"  class=\"panel-grid panel-no-style\" ><div id=\"pgc-1459-0-0\"  class=\"panel-grid-cell\" ><div id=\"panel-1459-0-0-0\" class=\"so-panel widget widget_media_image panel-first-child panel-last-child\" data-index=\"0\" ><img loading=\"lazy\" decoding=\"async\" width=\"1000\" height=\"123\" src=\"https:\/\/clublincoln.com.ar\/web\/wp-content\/uploads\/2017\/10\/Whitelineshadow1-e1508532053605.jpg\" class=\"image wp-image-1679  attachment-full size-full\" alt=\"\" style=\"max-width: 100%; height: auto;\" srcset=\"https:\/\/clublincoln.com.ar\/web\/wp-content\/uploads\/2017\/10\/Whitelineshadow1-e1508532053605.jpg 1000w, https:\/\/clublincoln.com.ar\/web\/wp-content\/uploads\/2017\/10\/Whitelineshadow1-e1508532053605-300x37.jpg 300w, https:\/\/clublincoln.com.ar\/web\/wp-content\/uploads\/2017\/10\/Whitelineshadow1-e1508532053605-768x94.jpg 768w\" sizes=\"auto, (max-width: 1000px) 100vw, 1000px\" \/><\/div><\/div><\/div><div id=\"pg-1459-1\"  class=\"panel-grid panel-has-style\" ><div class=\"panel-row-style panel-row-style-for-1459-1\" ><div id=\"pgc-1459-1-0\"  class=\"panel-grid-cell\" ><div id=\"panel-1459-1-0-0\" class=\"so-panel widget widget_media_image panel-first-child\" data-index=\"1\" ><img loading=\"lazy\" decoding=\"async\" width=\"300\" height=\"200\" src=\"https:\/\/clublincoln.com.ar\/web\/wp-content\/uploads\/2017\/10\/CL-0067-Copy-300x200.jpg\" class=\"image wp-image-88  attachment-medium size-medium\" alt=\"\" style=\"max-width: 100%; height: auto;\" srcset=\"https:\/\/clublincoln.com.ar\/web\/wp-content\/uploads\/2017\/10\/CL-0067-Copy-300x200.jpg 300w, https:\/\/clublincoln.com.ar\/web\/wp-content\/uploads\/2017\/10\/CL-0067-Copy-768x512.jpg 768w, https:\/\/clublincoln.com.ar\/web\/wp-content\/uploads\/2017\/10\/CL-0067-Copy-272x182.jpg 272w, https:\/\/clublincoln.com.ar\/web\/wp-content\/uploads\/2017\/10\/CL-0067-Copy.jpg 1000w\" sizes=\"auto, (max-width: 300px) 100vw, 300px\" \/><\/div><div id=\"panel-1459-1-0-1\" class=\"so-panel widget widget_sow-editor panel-last-child\" data-index=\"2\" ><div\n\t\t\t\n\t\t\tclass=\"so-widget-sow-editor so-widget-sow-editor-base\"\n\t\t\t\n\t\t><h3 class=\"widget-title\">CLUB LINCOLN GYM<\/h3>\n<div class=\"siteorigin-widget-tinymce textwidget\">\n\t<p>Gimnasio con rutinas personalizadas<\/p>\n<p>Stretching<\/p>\n<p>Indoor Cycling<\/p>\n<p>Kinder e Inform\u00e1tica (para ni\u00f1os de 7 a 14 a\u00f1os)<\/p>\n<p><strong>Profesores:<\/strong><\/p>\n<p>Antonela\u00a0Barbieri<\/p>\n<p>Micaela Sevillano<\/p>\n<p>Gabriel Barroso<\/p>\n<p>Nelson Vidal<\/p>\n<p>25% de descuento para socios.<\/p>\n<\/div>\n<\/div><\/div><\/div><div id=\"pgc-1459-1-1\"  class=\"panel-grid-cell\" ><div id=\"panel-1459-1-1-0\" class=\"so-panel widget widget_media_image panel-first-child\" data-index=\"3\" ><img loading=\"lazy\" decoding=\"async\" width=\"300\" height=\"200\" src=\"https:\/\/clublincoln.com.ar\/web\/wp-content\/uploads\/2017\/10\/CL-0095-Copy-300x200.jpg\" class=\"image wp-image-90  attachment-medium size-medium\" alt=\"\" style=\"max-width: 100%; height: auto;\" srcset=\"https:\/\/clublincoln.com.ar\/web\/wp-content\/uploads\/2017\/10\/CL-0095-Copy-300x200.jpg 300w, https:\/\/clublincoln.com.ar\/web\/wp-content\/uploads\/2017\/10\/CL-0095-Copy-768x512.jpg 768w, https:\/\/clublincoln.com.ar\/web\/wp-content\/uploads\/2017\/10\/CL-0095-Copy-272x182.jpg 272w, https:\/\/clublincoln.com.ar\/web\/wp-content\/uploads\/2017\/10\/CL-0095-Copy.jpg 1000w\" sizes=\"auto, (max-width: 300px) 100vw, 300px\" \/><\/div><div id=\"panel-1459-1-1-1\" class=\"so-panel widget widget_sow-editor panel-last-child\" data-index=\"4\" ><div\n\t\t\t\n\t\t\tclass=\"so-widget-sow-editor so-widget-sow-editor-base\"\n\t\t\t\n\t\t><h3 class=\"widget-title\">CLUB LINCOLN FITNESS<\/h3>\n<div class=\"siteorigin-widget-tinymce textwidget\">\n\t<p>Stretching<\/p>\n<p>Mix-jump<\/p>\n<p>Entrenamiento Funcional<\/p>\n<p>Pilates<\/p>\n<p>Cross Training<\/p>\n<p>G.A.P.<\/p>\n<p><strong>Profesores:<\/strong><\/p>\n<p>Natalia Malvasora<\/p>\n<p>Vanesa Cejudo<\/p>\n<p>Eugenia Vilches<\/p>\n<p>Valeria Andr\u00e9s<\/p>\n<p>15% de descuento para socios.<\/p>\n<\/div>\n<\/div><\/div><\/div><div id=\"pgc-1459-1-2\"  class=\"panel-grid-cell\" ><div id=\"panel-1459-1-2-0\" class=\"so-panel widget widget_media_image panel-first-child\" data-index=\"5\" ><img loading=\"lazy\" decoding=\"async\" width=\"300\" height=\"200\" src=\"https:\/\/clublincoln.com.ar\/web\/wp-content\/uploads\/2017\/10\/CL-0004-Copy-300x200.jpg\" class=\"image wp-image-1446  attachment-medium size-medium\" alt=\"\" style=\"max-width: 100%; height: auto;\" srcset=\"https:\/\/clublincoln.com.ar\/web\/wp-content\/uploads\/2017\/10\/CL-0004-Copy-300x200.jpg 300w, https:\/\/clublincoln.com.ar\/web\/wp-content\/uploads\/2017\/10\/CL-0004-Copy-768x512.jpg 768w, https:\/\/clublincoln.com.ar\/web\/wp-content\/uploads\/2017\/10\/CL-0004-Copy.jpg 1000w\" sizes=\"auto, (max-width: 300px) 100vw, 300px\" \/><\/div><div id=\"panel-1459-1-2-1\" class=\"so-panel widget widget_sow-editor panel-last-child\" data-index=\"6\" ><div\n\t\t\t\n\t\t\tclass=\"so-widget-sow-editor so-widget-sow-editor-base\"\n\t\t\t\n\t\t><h3 class=\"widget-title\">Indoor<\/h3>\n<div class=\"siteorigin-widget-tinymce textwidget\">\n\t<p style=\"text-align: justify;\">El ciclismo Indoor es un programa de entrenamiento sobre bicicleta est\u00e1tica.<br \/>Es un entrenamiento cardiovascular eficaz, una divertida actividad en grupo y de superaci\u00f3n personal al mismo tiempo.<br \/>Cada clase tiene una duraci\u00f3n de 60 minutos, incluye diferentes recorridos acompa\u00f1ado por la m\u00fasica que ayuda a la concentraci\u00f3n y motivaci\u00f3n.<br \/>La intensidad de la clase var\u00eda seg\u00fan el estado f\u00edsico del alumno y en base a los objetivos que desea lograr.<\/p>\n<\/div>\n<\/div><\/div><\/div><\/div><\/div><\/div>","protected":false},"excerpt":{"rendered":"<p>Gimnasio con rutinas personalizadas Stretching Indoor Cycling Kinder e Inform\u00e1tica (para ni\u00f1os de 7 a 14 a\u00f1os) Profesores: Antonela\u00a0Barbieri Micaela Sevillano Gabriel Barroso Nelson Vidal 25% de descuento para socios. Stretching Mix-jump Entrenamiento Funcional Pilates Cross Training G.A.P. Profesores: Natalia Malvasora Vanesa Cejudo Eugenia Vilches Valeria Andr\u00e9s 15% de descuento para socios. El ciclismo Indoor [&hellip;]<\/p>\n","protected":false},"author":1,"featured_media":0,"parent":0,"menu_order":0,"comment_status":"closed","ping_status":"closed","template":"","meta":{"site-sidebar-layout":"no-sidebar","site-content-layout":"content-boxed-container","ast-site-content-layout":"default","site-content-style":"default","site-sidebar-style":"default","ast-global-header-display":"","ast-banner-title-visibility":"","ast-main-header-display":"","ast-hfb-above-header-display":"","ast-hfb-below-header-display":"","ast-hfb-mobile-header-display":"","site-post-title":"","ast-breadcrumbs-content":"","ast-featured-img":"disabled","footer-sml-layout":"","ast-disable-related-posts":"","theme-transparent-header-meta":"default","adv-header-id-meta":"","stick-header-meta":"","header-above-stick-meta":"","header-main-stick-meta":"","header-below-stick-meta":"","astra-migrate-meta-layouts":"default","ast-page-background-enabled":"default","ast-page-background-meta":{"desktop":{"background-color":"","background-image":"","background-repeat":"repeat","background-position":"center center","background-size":"auto","background-attachment":"scroll","background-type":"","background-media":"","overlay-type":"","overlay-color":"","overlay-opacity":"","overlay-gradient":""},"tablet":{"background-color":"","background-image":"","background-repeat":"repeat","background-position":"center center","background-size":"auto","background-attachment":"scroll","background-type":"","background-media":"","overlay-type":"","overlay-color":"","overlay-opacity":"","overlay-gradient":""},"mobile":{"background-color":"","background-image":"","background-repeat":"repeat","background-position":"center center","background-size":"auto","background-attachment":"scroll","background-type":"","background-media":"","overlay-type":"","overlay-color":"","overlay-opacity":"","overlay-gradient":""}},"ast-content-background-meta":{"desktop":{"background-color":"var(--ast-global-color-5)","background-image":"","background-repeat":"repeat","background-position":"center center","background-size":"auto","background-attachment":"scroll","background-type":"","background-media":"","overlay-type":"","overlay-color":"","overlay-opacity":"","overlay-gradient":""},"tablet":{"background-color":"var(--ast-global-color-5)","background-image":"","background-repeat":"repeat","background-position":"center center","background-size":"auto","background-attachment":"scroll","background-type":"","background-media":"","overlay-type":"","overlay-color":"","overlay-opacity":"","overlay-gradient":""},"mobile":{"background-color":"var(--ast-global-color-5)","background-image":"","background-repeat":"repeat","background-position":"center center","background-size":"auto","background-attachment":"scroll","background-type":"","background-media":"","overlay-type":"","overlay-color":"","overlay-opacity":"","overlay-gradient":""}},"footnotes":""},"class_list":["post-1459","page","type-page","status-publish","hentry"],"aioseo_notices":[],"_links":{"self":[{"href":"https:\/\/clublincoln.com.ar\/web\/wp-json\/wp\/v2\/pages\/1459","targetHints":{"allow":["GET"]}}],"collection":[{"href":"https:\/\/clublincoln.com.ar\/web\/wp-json\/wp\/v2\/pages"}],"about":[{"href":"https:\/\/clublincoln.com.ar\/web\/wp-json\/wp\/v2\/types\/page"}],"author":[{"embeddable":true,"href":"https:\/\/clublincoln.com.ar\/web\/wp-json\/wp\/v2\/users\/1"}],"replies":[{"embeddable":true,"href":"https:\/\/clublincoln.com.ar\/web\/wp-json\/wp\/v2\/comments?post=1459"}],"version-history":[{"count":32,"href":"https:\/\/clublincoln.com.ar\/web\/wp-json\/wp\/v2\/pages\/1459\/revisions"}],"predecessor-version":[{"id":2199,"href":"https:\/\/clublincoln.com.ar\/web\/wp-json\/wp\/v2\/pages\/1459\/revisions\/2199"}],"wp:attachment":[{"href":"https:\/\/clublincoln.com.ar\/web\/wp-json\/wp\/v2\/media?parent=1459"}],"curies":[{"name":"wp","href":"https:\/\/api.w.org\/{rel}","templated":true}]}}