{"id":52,"date":"2017-10-09T18:38:58","date_gmt":"2017-10-09T21:38:58","guid":{"rendered":"http:\/\/clublincoln.com.ar\/web\/?page_id=52"},"modified":"2017-10-20T17:28:36","modified_gmt":"2017-10-20T20:28:36","slug":"gym","status":"publish","type":"page","link":"https:\/\/clublincoln.com.ar\/web\/gym\/","title":{"rendered":"Gimnasio"},"content":{"rendered":"<div id=\"pl-52\"  class=\"panel-layout\" ><div id=\"pg-52-0\"  class=\"panel-grid panel-no-style\" ><div id=\"pgc-52-0-0\"  class=\"panel-grid-cell\" ><div id=\"panel-52-0-0-0\" class=\"so-panel widget widget_media_image panel-first-child panel-last-child\" data-index=\"0\" ><img loading=\"lazy\" decoding=\"async\" width=\"1000\" height=\"123\" src=\"https:\/\/clublincoln.com.ar\/web\/wp-content\/uploads\/2017\/10\/Whitelineshadow1-e1508532053605.jpg\" class=\"image wp-image-1679  attachment-full size-full\" alt=\"\" style=\"max-width: 100%; height: auto;\" srcset=\"https:\/\/clublincoln.com.ar\/web\/wp-content\/uploads\/2017\/10\/Whitelineshadow1-e1508532053605.jpg 1000w, https:\/\/clublincoln.com.ar\/web\/wp-content\/uploads\/2017\/10\/Whitelineshadow1-e1508532053605-300x37.jpg 300w, https:\/\/clublincoln.com.ar\/web\/wp-content\/uploads\/2017\/10\/Whitelineshadow1-e1508532053605-768x94.jpg 768w\" sizes=\"auto, (max-width: 1000px) 100vw, 1000px\" \/><\/div><\/div><\/div><div id=\"pg-52-1\"  class=\"panel-grid panel-no-style\" ><div id=\"pgc-52-1-0\"  class=\"panel-grid-cell\" ><div id=\"panel-52-1-0-0\" class=\"so-panel widget widget_sow-editor panel-first-child\" data-index=\"1\" ><div\n\t\t\t\n\t\t\tclass=\"so-widget-sow-editor so-widget-sow-editor-base\"\n\t\t\t\n\t\t>\n<div class=\"siteorigin-widget-tinymce textwidget\">\n\t<p style=\"text-align: justify;\">El Club a partir de Diciembre de 2009, incorpora en sus instalaciones un nuevo servicio para toda la comunidad de Lincoln, el Gimnasio.<\/p>\n<p style=\"text-align: justify;\">El mismo ha sido concebido como un lugar de entrenamiento, rehabilitaci\u00f3n y relax, para Socios y no socios.<\/p>\n<p style=\"text-align: justify;\">Sus\u00a0instalaciones\u00a0est\u00e1n equipadas con\u00a0m\u00e1quinas de \u00faltima generaci\u00f3n\u00a0para realizar diferentes rutinas y entrenamientos. Con una propuesta amplia en cuanto a horarios disponibles, para brindar comodidad y adaptarse a las necesidades de cada uno de los usuarios, pudiendo as\u00ed\u00a0desarrollar m\u00e1s de una actividad en caso que lo requiera.<\/p>\n<p style=\"text-align: justify;\">El gimnasio propone una oferta interesante en cuanto a servicios en donde se puede practicar Indoor, Pilates Reformer, Stretching, Musculaci\u00f3n, con clases Personalizadas, Libres y Mixtas; a cargo de profesionales especializados en cada una de las actividades.<\/p>\n<p style=\"text-align: justify;\">Cuenta con cintas de uso profesional, bicis de indoor, bicis magn\u00e9ticas, el\u00edpticos, escalador, m\u00e1quinas de musculaci\u00f3n, pelotas, bastones, camas de pilates, mancuernas, tobilleras, barras, etc.<\/p>\n<p style=\"text-align: justify;\">Privilegiado adem\u00e1s, por los intensos verdes y celestes que llegan desde el sector del Natatorio, a trav\u00e9s de sus amplias ventanas, generando un espacio agradable para realizar actividades f\u00edsicas.<\/p>\n<p><img loading=\"lazy\" decoding=\"async\" class=\"aligncenter wp-image-1679 size-full\" src=\"https:\/\/clublincoln.com.ar\/web\/wp-content\/uploads\/2017\/10\/Whitelineshadow1.jpg\" alt=\"\" width=\"1000\" height=\"123\" \/><\/p>\n<h3>El Cuidado de Nuestros Socios<\/h3>\n<p style=\"text-align: justify;\">Nuestra metodolog\u00eda de trabajo consiste en realizar una entrevista personal, el primer d\u00eda que se acude al gimnasio, para determinar el estado de salud y aptitud del alumno, entre otros datos personales.<\/p>\n<p style=\"text-align: justify;\">Se recominda la consulta a un m\u00e9dico cardi\u00f3logo para un chequeo general, necesario para comenzar con el entrenamiento f\u00edsico.<\/p>\n<p style=\"text-align: justify;\">Se arman\u00a0rutinas personalizadas, teniendo en cuenta las necesidades y posibilidades de cada persona: est\u00e9tica, osteopor\u00f3sis, descenso de peso, fortalecimiento muscular, entrenamiento cardiovascular, postura, entre otros. Cumpliendo el objetivo de compartir un buen momento realizando actividad f\u00edsica.<\/p>\n<\/div>\n<\/div><\/div><div id=\"panel-52-1-0-1\" class=\"so-panel widget widget_sow-button panel-last-child\" data-index=\"2\" ><div\n\t\t\t\n\t\t\tclass=\"so-widget-sow-button so-widget-sow-button-flat-d186fbfa9ce3-52\"\n\t\t\t\n\t\t><div class=\"ow-button-base ow-button-align-center\"\n>\n\t\t\t<a\n\t\t\t\t\thref=\"https:\/\/clublincoln.com.ar\/web\/actividades\/\"\n\t\t\t\t\tclass=\"sowb-button ow-icon-placement-left ow-button-hover\" \t>\n\t\t<span>\n\t\t\t\n\t\t\tActividades del Gimnasio\t\t<\/span>\n\t\t\t<\/a>\n\t<\/div>\n<\/div><\/div><\/div><div id=\"pgc-52-1-1\"  class=\"panel-grid-cell\" ><div id=\"panel-52-1-1-0\" class=\"so-panel widget widget_media_image panel-first-child\" data-index=\"3\" ><img loading=\"lazy\" decoding=\"async\" width=\"300\" height=\"200\" src=\"https:\/\/clublincoln.com.ar\/web\/wp-content\/uploads\/2017\/10\/gym1-300x200.jpg\" class=\"image wp-image-1893  attachment-medium size-medium\" alt=\"\" style=\"max-width: 100%; height: auto;\" srcset=\"https:\/\/clublincoln.com.ar\/web\/wp-content\/uploads\/2017\/10\/gym1-300x200.jpg 300w, https:\/\/clublincoln.com.ar\/web\/wp-content\/uploads\/2017\/10\/gym1-272x182.jpg 272w, https:\/\/clublincoln.com.ar\/web\/wp-content\/uploads\/2017\/10\/gym1.jpg 600w\" sizes=\"auto, (max-width: 300px) 100vw, 300px\" \/><\/div><div id=\"panel-52-1-1-1\" class=\"so-panel widget widget_media_image\" data-index=\"4\" ><img loading=\"lazy\" decoding=\"async\" width=\"300\" height=\"200\" src=\"https:\/\/clublincoln.com.ar\/web\/wp-content\/uploads\/2017\/10\/CL-0128-Copy-1-300x200.jpg\" class=\"image wp-image-1450  attachment-medium size-medium\" alt=\"\" style=\"max-width: 100%; height: auto;\" srcset=\"https:\/\/clublincoln.com.ar\/web\/wp-content\/uploads\/2017\/10\/CL-0128-Copy-1-300x200.jpg 300w, https:\/\/clublincoln.com.ar\/web\/wp-content\/uploads\/2017\/10\/CL-0128-Copy-1-768x512.jpg 768w, https:\/\/clublincoln.com.ar\/web\/wp-content\/uploads\/2017\/10\/CL-0128-Copy-1.jpg 1000w\" sizes=\"auto, (max-width: 300px) 100vw, 300px\" \/><\/div><div id=\"panel-52-1-1-2\" class=\"so-panel widget widget_media_image\" data-index=\"5\" ><img loading=\"lazy\" decoding=\"async\" width=\"300\" height=\"200\" src=\"https:\/\/clublincoln.com.ar\/web\/wp-content\/uploads\/2017\/10\/CL-0141-Copy-300x200.jpg\" class=\"image wp-image-96  attachment-medium size-medium\" alt=\"\" style=\"max-width: 100%; height: auto;\" srcset=\"https:\/\/clublincoln.com.ar\/web\/wp-content\/uploads\/2017\/10\/CL-0141-Copy-300x200.jpg 300w, https:\/\/clublincoln.com.ar\/web\/wp-content\/uploads\/2017\/10\/CL-0141-Copy-768x512.jpg 768w, https:\/\/clublincoln.com.ar\/web\/wp-content\/uploads\/2017\/10\/CL-0141-Copy-272x182.jpg 272w, https:\/\/clublincoln.com.ar\/web\/wp-content\/uploads\/2017\/10\/CL-0141-Copy.jpg 1000w\" sizes=\"auto, (max-width: 300px) 100vw, 300px\" \/><\/div><div id=\"panel-52-1-1-3\" class=\"so-panel widget widget_media_image\" data-index=\"6\" ><img loading=\"lazy\" decoding=\"async\" width=\"300\" height=\"200\" src=\"https:\/\/clublincoln.com.ar\/web\/wp-content\/uploads\/2017\/10\/gym3-300x200.jpg\" class=\"image wp-image-1897  attachment-medium size-medium\" alt=\"\" style=\"max-width: 100%; height: auto;\" srcset=\"https:\/\/clublincoln.com.ar\/web\/wp-content\/uploads\/2017\/10\/gym3-300x200.jpg 300w, https:\/\/clublincoln.com.ar\/web\/wp-content\/uploads\/2017\/10\/gym3-272x182.jpg 272w, https:\/\/clublincoln.com.ar\/web\/wp-content\/uploads\/2017\/10\/gym3.jpg 600w\" sizes=\"auto, (max-width: 300px) 100vw, 300px\" \/><\/div><div id=\"panel-52-1-1-4\" class=\"so-panel widget widget_media_image panel-last-child\" data-index=\"7\" ><img loading=\"lazy\" decoding=\"async\" width=\"300\" height=\"200\" src=\"https:\/\/clublincoln.com.ar\/web\/wp-content\/uploads\/2017\/10\/CL-0146-Copy-300x200.jpg\" class=\"image wp-image-1451  attachment-medium size-medium\" alt=\"\" style=\"max-width: 100%; height: auto;\" srcset=\"https:\/\/clublincoln.com.ar\/web\/wp-content\/uploads\/2017\/10\/CL-0146-Copy-300x200.jpg 300w, https:\/\/clublincoln.com.ar\/web\/wp-content\/uploads\/2017\/10\/CL-0146-Copy-768x512.jpg 768w, https:\/\/clublincoln.com.ar\/web\/wp-content\/uploads\/2017\/10\/CL-0146-Copy.jpg 1000w\" sizes=\"auto, (max-width: 300px) 100vw, 300px\" \/><\/div><\/div><\/div><\/div>","protected":false},"excerpt":{"rendered":"<p>El Club a partir de Diciembre de 2009, incorpora en sus instalaciones un nuevo servicio para toda la comunidad de Lincoln, el Gimnasio. El mismo ha sido concebido como un lugar de entrenamiento, rehabilitaci\u00f3n y relax, para Socios y no socios. Sus\u00a0instalaciones\u00a0est\u00e1n equipadas con\u00a0m\u00e1quinas de \u00faltima generaci\u00f3n\u00a0para realizar diferentes rutinas y entrenamientos. Con una propuesta [&hellip;]<\/p>\n","protected":false},"author":1,"featured_media":0,"parent":0,"menu_order":0,"comment_status":"closed","ping_status":"closed","template":"","meta":{"site-sidebar-layout":"no-sidebar","site-content-layout":"content-boxed-container","ast-site-content-layout":"default","site-content-style":"default","site-sidebar-style":"default","ast-global-header-display":"","ast-banner-title-visibility":"","ast-main-header-display":"","ast-hfb-above-header-display":"","ast-hfb-below-header-display":"","ast-hfb-mobile-header-display":"","site-post-title":"","ast-breadcrumbs-content":"","ast-featured-img":"disabled","footer-sml-layout":"","ast-disable-related-posts":"","theme-transparent-header-meta":"","adv-header-id-meta":"","stick-header-meta":"","header-above-stick-meta":"","header-main-stick-meta":"","header-below-stick-meta":"","astra-migrate-meta-layouts":"default","ast-page-background-enabled":"default","ast-page-background-meta":{"desktop":{"background-color":"","background-image":"","background-repeat":"repeat","background-position":"center center","background-size":"auto","background-attachment":"scroll","background-type":"","background-media":"","overlay-type":"","overlay-color":"","overlay-opacity":"","overlay-gradient":""},"tablet":{"background-color":"","background-image":"","background-repeat":"repeat","background-position":"center center","background-size":"auto","background-attachment":"scroll","background-type":"","background-media":"","overlay-type":"","overlay-color":"","overlay-opacity":"","overlay-gradient":""},"mobile":{"background-color":"","background-image":"","background-repeat":"repeat","background-position":"center center","background-size":"auto","background-attachment":"scroll","background-type":"","background-media":"","overlay-type":"","overlay-color":"","overlay-opacity":"","overlay-gradient":""}},"ast-content-background-meta":{"desktop":{"background-color":"var(--ast-global-color-5)","background-image":"","background-repeat":"repeat","background-position":"center center","background-size":"auto","background-attachment":"scroll","background-type":"","background-media":"","overlay-type":"","overlay-color":"","overlay-opacity":"","overlay-gradient":""},"tablet":{"background-color":"var(--ast-global-color-5)","background-image":"","background-repeat":"repeat","background-position":"center center","background-size":"auto","background-attachment":"scroll","background-type":"","background-media":"","overlay-type":"","overlay-color":"","overlay-opacity":"","overlay-gradient":""},"mobile":{"background-color":"var(--ast-global-color-5)","background-image":"","background-repeat":"repeat","background-position":"center center","background-size":"auto","background-attachment":"scroll","background-type":"","background-media":"","overlay-type":"","overlay-color":"","overlay-opacity":"","overlay-gradient":""}},"footnotes":""},"class_list":["post-52","page","type-page","status-publish","hentry"],"aioseo_notices":[],"_links":{"self":[{"href":"https:\/\/clublincoln.com.ar\/web\/wp-json\/wp\/v2\/pages\/52","targetHints":{"allow":["GET"]}}],"collection":[{"href":"https:\/\/clublincoln.com.ar\/web\/wp-json\/wp\/v2\/pages"}],"about":[{"href":"https:\/\/clublincoln.com.ar\/web\/wp-json\/wp\/v2\/types\/page"}],"author":[{"embeddable":true,"href":"https:\/\/clublincoln.com.ar\/web\/wp-json\/wp\/v2\/users\/1"}],"replies":[{"embeddable":true,"href":"https:\/\/clublincoln.com.ar\/web\/wp-json\/wp\/v2\/comments?post=52"}],"version-history":[{"count":38,"href":"https:\/\/clublincoln.com.ar\/web\/wp-json\/wp\/v2\/pages\/52\/revisions"}],"predecessor-version":[{"id":1982,"href":"https:\/\/clublincoln.com.ar\/web\/wp-json\/wp\/v2\/pages\/52\/revisions\/1982"}],"wp:attachment":[{"href":"https:\/\/clublincoln.com.ar\/web\/wp-json\/wp\/v2\/media?parent=52"}],"curies":[{"name":"wp","href":"https:\/\/api.w.org\/{rel}","templated":true}]}}